{"id":20936,"date":"2020-11-17T21:50:21","date_gmt":"2020-11-17T20:50:21","guid":{"rendered":"http:\/\/sp5.pila.pl\/SP5\/?page_id=20936"},"modified":"2021-04-06T14:45:27","modified_gmt":"2021-04-06T12:45:27","slug":"szkola-w-czasie-pandemii","status":"publish","type":"page","link":"https:\/\/sp5.pila.pl\/SP5\/szkola-w-czasie-pandemii\/","title":{"rendered":"SZKO\u0141A W CZASIE PANDEMII"},"content":{"rendered":"<h4 style=\"text-align: center;\"><strong><a href=\"https:\/\/sp5.pila.pl\/SP5\/wp-content\/uploads\/ID-PISMA-1730037-NUMER_PISMA-2-2271-2021-Zarzadzenie_Nr_1083_skan.pdf\">Zarzadzenie Prezydenta Miasta Pi\u0142y w sprawie ustalenia okre\u015blonych ogranicze\u0144 w wykonywaniu zada\u0144 o charakterze publicznym na obszarze Miasta Pi\u0142y<\/a><\/strong><\/h4>\n<p>&nbsp;<\/p>\n<h3 style=\"text-align: center;\"><strong><span style=\"color: #ff0000;\">PROCEDURY BEZPIECZE\u0143STWA OBOWI\u0104ZUJ\u0104CE W SZKOLE OD 22 MARCA 2021<\/span><\/strong><\/h3>\n<p style=\"text-align: center;\"><strong>DRODZY RODZICE I UCZNIOWIE!<\/strong><\/p>\n<p style=\"text-align: center;\"><strong>PROSIMY O ZAPOZNANIE SI\u0118 Z PROCEDURAMI BEZPIECZE\u0143STWA UMIESZCZONYMI PONI\u017bEJ.<\/strong><\/p>\n<p style=\"text-align: center;\"><span style=\"color: #333399;\"><strong><a style=\"color: #333399;\" href=\"https:\/\/sp5.pila.pl\/SP5\/wp-content\/uploads\/zalacznik-nr-1-z-19.03.docx\">PROCEDURY OBOWI\u0104ZUJ\u0104CE W SZKOLE OD 22 MARCA 2021<\/a> <\/strong><\/span><\/p>\n<p style=\"text-align: center;\"><span style=\"color: #333399;\"><strong><a style=\"color: #333399;\" href=\"https:\/\/sp5.pila.pl\/SP5\/wp-content\/uploads\/Zalacznik-nr-2-do-Zarzadzenia-z-dnia-19.03.pdf\">ZASADY ORGANIZACJI NAUCZANIA ZDALNEGO<\/a><\/strong><\/span><\/p>\n<h3 style=\"text-align: center;\"><strong><span style=\"color: #ff0000;\">KONSULTACJE DLA UCZNI\u00d3W KLAS \u00d3SMYCH<\/span><\/strong><\/h3>\n<p style=\"text-align: center;\"><strong><a href=\"https:\/\/sp5.pila.pl\/SP5\/wp-content\/uploads\/zasady-organizacji-konsultacji-kl.8-od-18.01.21r..docx\">ZASADY ORGANIZACJI KONSULTACJI KLAS 8 pobierz<\/a><\/strong><\/p>\n<p style=\"text-align: center;\"><strong><a href=\"https:\/\/sp5.pila.pl\/SP5\/wp-content\/uploads\/Oswiadczenie-konsultacje.docx\">KONSULTACJE-O\u015aWIADCZENIE pobierz<\/a><\/strong><\/p>\n<p style=\"text-align: center;\">&nbsp;<\/p>\n<p style=\"text-align: center;\">~~~~~~~~~~~~~~~~~~~~~~~~~~~~~~~~~~~~~~~~~~~~~~~~~~~~~~~~~~~~~~~~~~~~~~~~~~~~~~~~<\/p>\n<p style=\"text-align: center;\"><img loading=\"lazy\" decoding=\"async\" class=\"alignnone wp-image-20587 size-large\" src=\"https:\/\/sp5.pila.pl\/SP5\/wp-content\/uploads\/10zasadbezpieczenstwauczenplakatinformacyjny-724x1024.jpeg\" alt=\"\" width=\"670\" height=\"948\" srcset=\"https:\/\/sp5.pila.pl\/SP5\/wp-content\/uploads\/10zasadbezpieczenstwauczenplakatinformacyjny-724x1024.jpeg 724w, https:\/\/sp5.pila.pl\/SP5\/wp-content\/uploads\/10zasadbezpieczenstwauczenplakatinformacyjny-212x300.jpeg 212w, https:\/\/sp5.pila.pl\/SP5\/wp-content\/uploads\/10zasadbezpieczenstwauczenplakatinformacyjny-768x1086.jpeg 768w, https:\/\/sp5.pila.pl\/SP5\/wp-content\/uploads\/10zasadbezpieczenstwauczenplakatinformacyjny-1086x1536.jpeg 1086w, https:\/\/sp5.pila.pl\/SP5\/wp-content\/uploads\/10zasadbezpieczenstwauczenplakatinformacyjny-1448x2048.jpeg 1448w, https:\/\/sp5.pila.pl\/SP5\/wp-content\/uploads\/10zasadbezpieczenstwauczenplakatinformacyjny-655x926.jpeg 655w, https:\/\/sp5.pila.pl\/SP5\/wp-content\/uploads\/10zasadbezpieczenstwauczenplakatinformacyjny-scaled.jpeg 1810w\" sizes=\"auto, (max-width: 670px) 100vw, 670px\" \/><\/p>\n<p style=\"text-align: center;\"><img loading=\"lazy\" decoding=\"async\" class=\"alignnone wp-image-20586 size-large\" src=\"https:\/\/sp5.pila.pl\/SP5\/wp-content\/uploads\/10zasadbezpieczenstwarodzicplakatinformacyjny-724x1024.jpeg\" alt=\"\" width=\"670\" height=\"948\" srcset=\"https:\/\/sp5.pila.pl\/SP5\/wp-content\/uploads\/10zasadbezpieczenstwarodzicplakatinformacyjny-724x1024.jpeg 724w, https:\/\/sp5.pila.pl\/SP5\/wp-content\/uploads\/10zasadbezpieczenstwarodzicplakatinformacyjny-212x300.jpeg 212w, https:\/\/sp5.pila.pl\/SP5\/wp-content\/uploads\/10zasadbezpieczenstwarodzicplakatinformacyjny-768x1086.jpeg 768w, https:\/\/sp5.pila.pl\/SP5\/wp-content\/uploads\/10zasadbezpieczenstwarodzicplakatinformacyjny-1086x1536.jpeg 1086w, https:\/\/sp5.pila.pl\/SP5\/wp-content\/uploads\/10zasadbezpieczenstwarodzicplakatinformacyjny-1448x2048.jpeg 1448w, https:\/\/sp5.pila.pl\/SP5\/wp-content\/uploads\/10zasadbezpieczenstwarodzicplakatinformacyjny-655x926.jpeg 655w, https:\/\/sp5.pila.pl\/SP5\/wp-content\/uploads\/10zasadbezpieczenstwarodzicplakatinformacyjny-scaled.jpeg 1810w\" sizes=\"auto, (max-width: 670px) 100vw, 670px\" \/><\/p>\n<h3 style=\"text-align: center;\"><span style=\"color: #ff0000;\">INFORMACJA DOTYCZ\u0104CA POTENCJALNEJ KWARANTANNY<\/span><\/h3>\n<h3 class=\"news_name\" style=\"text-align: center;\">Covid 19: kwarantanna \/ wa\u017cne informacje dla rodzic\u00f3w uczni\u00f3w i przedszkolak\u00f3w<br \/>\n19.10.2020<\/h3>\n<div class=\"news_desc\">\n<p style=\"text-align: center;\">Pa\u0144stwowy Powiatowy Inspektor Sanitarny w Pile informuje:<\/p>\n<p><strong>1. Je\u017celi zachorowa\u0142e\u015b na Covid 19 uzyskaj od lekarza rodzinnego zwolnienie lekarskie L-4, przebywaj w izolacji domowej, Twoi domownicy obj\u0119ci s\u0105 kwarantann\u0105 domow\u0105.<\/strong><\/p>\n<p>Osobom obj\u0119tym kwarantann\u0105 zostanie wydana decyzja administracyjna (poczta nie dostarcza korespondencji do adresat\u00f3w na kwarantannie \u2013 otrzymacie decyzj\u0119 po jej zako\u0144czeniu).<\/p>\n<p>Z\u0142\u00f3\u017c o\u015bwiadczenie u pracodawcy (telefonicznie lub e-mailowo) o&nbsp;tym, \u017ce przebywasz na kwarantannie.<\/p>\n<p>Po odbyciu kwarantanny dostarcz otrzyman\u0105 decyzj\u0119 o&nbsp;kwarantannie do pracodawcy (ka\u017cdy domownik wg konieczno\u015bci dostarcza kopi\u0119 w\/w decyzji).<\/p>\n<p>&nbsp;<\/p>\n<p><strong>2. Je\u015bli jeste\u015b rodzicem ucznia lub przedszkolaka kt\u00f3ry zosta\u0142 obj\u0119ty kwarantann\u0105 w zwi\u0105zku z jego kontaktem z osob\u0105 zara\u017con\u0105, r\u00f3wnie\u017c ty wraz z domownikami zostaniesz obj\u0119ty kwarantann\u0105 na okres 10 dni liczonych od dnia nast\u0119puj\u0105cego po dniu ostatniego kontaktu dziecka z chorym.<\/strong><\/p>\n<p>Przygotuj dane domownik\u00f3w (imiona, nazwiska, nr pesel, nr telefon\u00f3w) i czekaj na kontakt telefoniczny z pracownikiem inspekcji. W razie du\u017cej ilo\u015bci takich spraw \u2013 b\u0105d\u017a cierpliwy.<\/p>\n<p>Z\u0142\u00f3\u017c o\u015bwiadczenie u pracodawcy (telefonicznie lub e-mailowo) o&nbsp;tym, \u017ce przebywasz na kwarantannie.<\/p>\n<p>Zostanie wydana decyzja administracyjna o okresie kwarantanny (poczta nie dostarcza korespondencji do adresat\u00f3w na kwarantannie \u2013 otrzymacie decyzj\u0119 po jej zako\u0144czeniu).<\/p>\n<p>Po odbyciu kwarantanny dostarcz otrzyman\u0105 decyzj\u0119 o&nbsp;kwarantannie do pracodawcy (ka\u017cdy domownik wg konieczno\u015bci dostarcza kopi\u0119 w\/w decyzji).<\/p>\n<p>Je\u015bli w okresie kwarantanny kto\u015b z domownik\u00f3w zaczyna mie\u0107 niepokoj\u0105ce objawy skontaktuj si\u0119 z lekarzem prowadz\u0105cym w celu odbycia konsultacji. Lekarz zdecyduje o potrzebie wykonania testu.<\/p>\n<\/div>\n<p><a href=\"http:\/\/www.pila.pl\/pl\/aktualnosci\/covid-19-kwarantanna-wazne-informacje-dla-rodzicow-uczniow-i-przedszkolakow.html\">http:\/\/www.pila.pl\/pl\/aktualnosci\/covid-19-kwarantanna-wazne-informacje-dla-rodzicow-uczniow-i-przedszkolakow.html<\/a><\/p>\n<p>~~~~~~~~~~~~~~~~~~~~~~~~~~~~~~~~~~~~~~~~~~~~~~~~~~~~~~~~~~~~~~~~~~~~~~~~~~~~~~~~<\/p>\n","protected":false},"excerpt":{"rendered":"<p>Zarzadzenie Prezydenta Miasta Pi\u0142y w sprawie ustalenia okre\u015blonych ogranicze\u0144 w wykonywaniu zada\u0144 o charakterze publicznym na obszarze Miasta Pi\u0142y &nbsp; [&hellip;]<\/p>\n","protected":false},"author":1,"featured_media":0,"parent":0,"menu_order":0,"comment_status":"closed","ping_status":"closed","template":"","meta":{"_editorskit_title_hidden":false,"_editorskit_reading_time":0,"_editorskit_is_block_options_detached":false,"_editorskit_block_options_position":"{}","rop_custom_images_group":[],"rop_custom_messages_group":[],"rop_publish_now":"initial","rop_publish_now_accounts":[],"rop_publish_now_history":[],"rop_publish_now_status":"pending","_uag_custom_page_level_css":"","site-sidebar-layout":"default","site-content-layout":"","ast-site-content-layout":"default","site-content-style":"default","site-sidebar-style":"default","ast-global-header-display":"","ast-banner-title-visibility":"","ast-main-header-display":"","ast-hfb-above-header-display":"","ast-hfb-below-header-display":"","ast-hfb-mobile-header-display":"","site-post-title":"","ast-breadcrumbs-content":"","ast-featured-img":"","footer-sml-layout":"","ast-disable-related-posts":"","theme-transparent-header-meta":"","adv-header-id-meta":"","stick-header-meta":"","header-above-stick-meta":"","header-main-stick-meta":"","header-below-stick-meta":"","astra-migrate-meta-layouts":"default","ast-page-background-enabled":"default","ast-page-background-meta":{"desktop":{"background-color":"var(--ast-global-color-5)","background-image":"","background-repeat":"repeat","background-position":"center center","background-size":"auto","background-attachment":"scroll","background-type":"","background-media":"","overlay-type":"","overlay-color":"","overlay-opacity":"","overlay-gradient":""},"tablet":{"background-color":"","background-image":"","background-repeat":"repeat","background-position":"center center","background-size":"auto","background-attachment":"scroll","background-type":"","background-media":"","overlay-type":"","overlay-color":"","overlay-opacity":"","overlay-gradient":""},"mobile":{"background-color":"","background-image":"","background-repeat":"repeat","background-position":"center center","background-size":"auto","background-attachment":"scroll","background-type":"","background-media":"","overlay-type":"","overlay-color":"","overlay-opacity":"","overlay-gradient":""}},"ast-content-background-meta":{"desktop":{"background-color":"var(--ast-global-color-4)","background-image":"","background-repeat":"repeat","background-position":"center center","background-size":"auto","background-attachment":"scroll","background-type":"","background-media":"","overlay-type":"","overlay-color":"","overlay-opacity":"","overlay-gradient":""},"tablet":{"background-color":"var(--ast-global-color-4)","background-image":"","background-repeat":"repeat","background-position":"center center","background-size":"auto","background-attachment":"scroll","background-type":"","background-media":"","overlay-type":"","overlay-color":"","overlay-opacity":"","overlay-gradient":""},"mobile":{"background-color":"var(--ast-global-color-4)","background-image":"","background-repeat":"repeat","background-position":"center center","background-size":"auto","background-attachment":"scroll","background-type":"","background-media":"","overlay-type":"","overlay-color":"","overlay-opacity":"","overlay-gradient":""}},"ngg_post_thumbnail":0,"footnotes":""},"class_list":["post-20936","page","type-page","status-publish","hentry"],"uagb_featured_image_src":{"full":false,"thumbnail":false,"medium":false,"medium_large":false,"large":false,"1536x1536":false,"2048x2048":false},"uagb_author_info":{"display_name":"PMT","author_link":"https:\/\/sp5.pila.pl\/SP5\/author\/ludi\/"},"uagb_comment_info":0,"uagb_excerpt":"Zarzadzenie Prezydenta Miasta Pi\u0142y w sprawie ustalenia okre\u015blonych ogranicze\u0144 w wykonywaniu zada\u0144 o charakterze publicznym na obszarze Miasta Pi\u0142y &nbsp; [&hellip;]","_links":{"self":[{"href":"https:\/\/sp5.pila.pl\/SP5\/wp-json\/wp\/v2\/pages\/20936","targetHints":{"allow":["GET"]}}],"collection":[{"href":"https:\/\/sp5.pila.pl\/SP5\/wp-json\/wp\/v2\/pages"}],"about":[{"href":"https:\/\/sp5.pila.pl\/SP5\/wp-json\/wp\/v2\/types\/page"}],"author":[{"embeddable":true,"href":"https:\/\/sp5.pila.pl\/SP5\/wp-json\/wp\/v2\/users\/1"}],"replies":[{"embeddable":true,"href":"https:\/\/sp5.pila.pl\/SP5\/wp-json\/wp\/v2\/comments?post=20936"}],"version-history":[{"count":36,"href":"https:\/\/sp5.pila.pl\/SP5\/wp-json\/wp\/v2\/pages\/20936\/revisions"}],"predecessor-version":[{"id":22765,"href":"https:\/\/sp5.pila.pl\/SP5\/wp-json\/wp\/v2\/pages\/20936\/revisions\/22765"}],"wp:attachment":[{"href":"https:\/\/sp5.pila.pl\/SP5\/wp-json\/wp\/v2\/media?parent=20936"}],"curies":[{"name":"wp","href":"https:\/\/api.w.org\/{rel}","templated":true}]}}