{"id":21903,"date":"2021-02-25T13:30:40","date_gmt":"2021-02-25T12:30:40","guid":{"rendered":"http:\/\/sp5.pila.pl\/SP5\/?page_id=21903"},"modified":"2021-11-11T19:18:23","modified_gmt":"2021-11-11T18:18:23","slug":"kacik-zartow-z-pawlem","status":"publish","type":"page","link":"https:\/\/sp5.pila.pl\/SP5\/kacik-zartow-z-pawlem\/","title":{"rendered":"K\u0104CIK \u017bART\u00d3W Z PAW\u0141EM"},"content":{"rendered":"<p><img loading=\"lazy\" decoding=\"async\" class=\"alignnone size-large wp-image-26066\" src=\"https:\/\/sp5.pila.pl\/SP5\/wp-content\/uploads\/Kacik-zartow-z-Bartkiem-1-1024x712.png\" alt=\"\" width=\"670\" height=\"466\" srcset=\"https:\/\/sp5.pila.pl\/SP5\/wp-content\/uploads\/Kacik-zartow-z-Bartkiem-1-1024x712.png 1024w, https:\/\/sp5.pila.pl\/SP5\/wp-content\/uploads\/Kacik-zartow-z-Bartkiem-1-300x209.png 300w, https:\/\/sp5.pila.pl\/SP5\/wp-content\/uploads\/Kacik-zartow-z-Bartkiem-1-768x534.png 768w, https:\/\/sp5.pila.pl\/SP5\/wp-content\/uploads\/Kacik-zartow-z-Bartkiem-1-655x455.png 655w, https:\/\/sp5.pila.pl\/SP5\/wp-content\/uploads\/Kacik-zartow-z-Bartkiem-1.png 1280w\" sizes=\"auto, (max-width: 670px) 100vw, 670px\" \/><\/p>\n<p>&nbsp;<\/p>\n<p><img loading=\"lazy\" decoding=\"async\" class=\"alignnone wp-image-22267\" src=\"https:\/\/sp5.pila.pl\/SP5\/wp-content\/uploads\/PAWEL-SAMUL-1024x576.png\" alt=\"\" width=\"823\" height=\"463\" srcset=\"https:\/\/sp5.pila.pl\/SP5\/wp-content\/uploads\/PAWEL-SAMUL-1024x576.png 1024w, https:\/\/sp5.pila.pl\/SP5\/wp-content\/uploads\/PAWEL-SAMUL-300x169.png 300w, https:\/\/sp5.pila.pl\/SP5\/wp-content\/uploads\/PAWEL-SAMUL-768x432.png 768w, https:\/\/sp5.pila.pl\/SP5\/wp-content\/uploads\/PAWEL-SAMUL-655x368.png 655w, https:\/\/sp5.pila.pl\/SP5\/wp-content\/uploads\/PAWEL-SAMUL.png 1280w\" sizes=\"auto, (max-width: 823px) 100vw, 823px\" \/><\/p>\n<p><a href=\"https:\/\/sp5.pila.pl\/SP5\/kacik-zartow-z-pawlem\/152755027_427292675245862_8744143447733333596_n\/\" rel=\"attachment wp-att-21904\"><img loading=\"lazy\" decoding=\"async\" class=\"aligncenter size-full wp-image-21904\" src=\"https:\/\/sp5.pila.pl\/SP5\/wp-content\/uploads\/152755027_427292675245862_8744143447733333596_n.png\" alt=\"\" width=\"1280\" height=\"720\" srcset=\"https:\/\/sp5.pila.pl\/SP5\/wp-content\/uploads\/152755027_427292675245862_8744143447733333596_n.png 1280w, https:\/\/sp5.pila.pl\/SP5\/wp-content\/uploads\/152755027_427292675245862_8744143447733333596_n-300x169.png 300w, https:\/\/sp5.pila.pl\/SP5\/wp-content\/uploads\/152755027_427292675245862_8744143447733333596_n-1024x576.png 1024w, https:\/\/sp5.pila.pl\/SP5\/wp-content\/uploads\/152755027_427292675245862_8744143447733333596_n-768x432.png 768w, https:\/\/sp5.pila.pl\/SP5\/wp-content\/uploads\/152755027_427292675245862_8744143447733333596_n-655x368.png 655w\" sizes=\"auto, (max-width: 1280px) 100vw, 1280px\" \/><\/a><\/p>\n","protected":false},"excerpt":{"rendered":"<p>&nbsp;<\/p>\n","protected":false},"author":1,"featured_media":0,"parent":0,"menu_order":0,"comment_status":"closed","ping_status":"closed","template":"","meta":{"_editorskit_title_hidden":false,"_editorskit_reading_time":0,"_editorskit_is_block_options_detached":false,"_editorskit_block_options_position":"{}","rop_custom_images_group":[],"rop_custom_messages_group":[],"rop_publish_now":"initial","rop_publish_now_accounts":[],"rop_publish_now_history":[],"rop_publish_now_status":"pending","_uag_custom_page_level_css":"","site-sidebar-layout":"default","site-content-layout":"","ast-site-content-layout":"default","site-content-style":"default","site-sidebar-style":"default","ast-global-header-display":"","ast-banner-title-visibility":"","ast-main-header-display":"","ast-hfb-above-header-display":"","ast-hfb-below-header-display":"","ast-hfb-mobile-header-display":"","site-post-title":"","ast-breadcrumbs-content":"","ast-featured-img":"","footer-sml-layout":"","ast-disable-related-posts":"","theme-transparent-header-meta":"","adv-header-id-meta":"","stick-header-meta":"","header-above-stick-meta":"","header-main-stick-meta":"","header-below-stick-meta":"","astra-migrate-meta-layouts":"default","ast-page-background-enabled":"default","ast-page-background-meta":{"desktop":{"background-color":"var(--ast-global-color-5)","background-image":"","background-repeat":"repeat","background-position":"center center","background-size":"auto","background-attachment":"scroll","background-type":"","background-media":"","overlay-type":"","overlay-color":"","overlay-opacity":"","overlay-gradient":""},"tablet":{"background-color":"","background-image":"","background-repeat":"repeat","background-position":"center center","background-size":"auto","background-attachment":"scroll","background-type":"","background-media":"","overlay-type":"","overlay-color":"","overlay-opacity":"","overlay-gradient":""},"mobile":{"background-color":"","background-image":"","background-repeat":"repeat","background-position":"center center","background-size":"auto","background-attachment":"scroll","background-type":"","background-media":"","overlay-type":"","overlay-color":"","overlay-opacity":"","overlay-gradient":""}},"ast-content-background-meta":{"desktop":{"background-color":"var(--ast-global-color-4)","background-image":"","background-repeat":"repeat","background-position":"center center","background-size":"auto","background-attachment":"scroll","background-type":"","background-media":"","overlay-type":"","overlay-color":"","overlay-opacity":"","overlay-gradient":""},"tablet":{"background-color":"var(--ast-global-color-4)","background-image":"","background-repeat":"repeat","background-position":"center center","background-size":"auto","background-attachment":"scroll","background-type":"","background-media":"","overlay-type":"","overlay-color":"","overlay-opacity":"","overlay-gradient":""},"mobile":{"background-color":"var(--ast-global-color-4)","background-image":"","background-repeat":"repeat","background-position":"center center","background-size":"auto","background-attachment":"scroll","background-type":"","background-media":"","overlay-type":"","overlay-color":"","overlay-opacity":"","overlay-gradient":""}},"ngg_post_thumbnail":0,"footnotes":""},"class_list":["post-21903","page","type-page","status-publish","hentry"],"uagb_featured_image_src":{"full":false,"thumbnail":false,"medium":false,"medium_large":false,"large":false,"1536x1536":false,"2048x2048":false},"uagb_author_info":{"display_name":"PMT","author_link":"https:\/\/sp5.pila.pl\/SP5\/author\/ludi\/"},"uagb_comment_info":0,"uagb_excerpt":"&nbsp;","_links":{"self":[{"href":"https:\/\/sp5.pila.pl\/SP5\/wp-json\/wp\/v2\/pages\/21903","targetHints":{"allow":["GET"]}}],"collection":[{"href":"https:\/\/sp5.pila.pl\/SP5\/wp-json\/wp\/v2\/pages"}],"about":[{"href":"https:\/\/sp5.pila.pl\/SP5\/wp-json\/wp\/v2\/types\/page"}],"author":[{"embeddable":true,"href":"https:\/\/sp5.pila.pl\/SP5\/wp-json\/wp\/v2\/users\/1"}],"replies":[{"embeddable":true,"href":"https:\/\/sp5.pila.pl\/SP5\/wp-json\/wp\/v2\/comments?post=21903"}],"version-history":[{"count":5,"href":"https:\/\/sp5.pila.pl\/SP5\/wp-json\/wp\/v2\/pages\/21903\/revisions"}],"predecessor-version":[{"id":26067,"href":"https:\/\/sp5.pila.pl\/SP5\/wp-json\/wp\/v2\/pages\/21903\/revisions\/26067"}],"wp:attachment":[{"href":"https:\/\/sp5.pila.pl\/SP5\/wp-json\/wp\/v2\/media?parent=21903"}],"curies":[{"name":"wp","href":"https:\/\/api.w.org\/{rel}","templated":true}]}}