{"id":4313,"date":"2026-04-30T06:00:00","date_gmt":"2026-04-30T04:00:00","guid":{"rendered":"http:\/\/sp5.pila.pl\/SP5\/?page_id=4313"},"modified":"2026-04-30T10:14:21","modified_gmt":"2026-04-30T08:14:21","slug":"stolowka","status":"publish","type":"page","link":"https:\/\/sp5.pila.pl\/SP5\/stolowka\/","title":{"rendered":"Sto\u0142\u00f3wka szkolna"},"content":{"rendered":"\n<h3 class=\"wp-block-heading has-text-align-center\"><span style=\"color: #ff0000;\"><strong><u>ODP\u0141ATNO\u015a\u0106 ZA OBIADY<br>MAJ 2026r.<\/u><\/strong><\/span><\/h3>\n\n\n\n<h3 class=\"wp-block-heading alignwide has-text-align-center\"><span style=\"color: #ff0000;\"><strong><u>WYNOSI :<\/u><\/strong><\/span><\/h3>\n\n\n\n<h3 class=\"wp-block-heading alignwide has-text-align-center\"><span style=\"color: #000080;\"><strong><u>DLA UCZNI\u00d3W:<\/u><\/strong><\/span><\/h3>\n\n\n\n<h3 class=\"wp-block-heading alignwide has-text-align-center has-ast-global-color-0-color has-text-color has-link-color wp-elements-27c086129ce2f5297aaa04f60a12e6e2\">Niepodleg\u0142o\u015bci:   <strong><strong>20 dni x 7,00 z\u0142 = 140,00 z\u0142<\/strong><\/strong><\/h3>\n\n\n\n<h3 class=\"wp-block-heading has-text-align-center has-vivid-green-cyan-color has-text-color has-link-color wp-elements-96124a8ffbf6016be1434a8d2502bdd0\">Kujawska:   <strong><strong>17 dni x 7,00 z\u0142 = 119,00 z\u0142<\/strong><\/strong><\/h3>\n\n\n\n<h3 class=\"wp-block-heading alignwide has-text-align-center\"><strong><u>DLA NAUCZYCIELI:<\/u><\/strong><\/h3>\n\n\n\n<h3 class=\"wp-block-heading alignwide has-text-align-center has-ast-global-color-0-color has-text-color has-link-color wp-elements-2b1dc7129b33e62bd8b6fd553b2e3580\">Niepodleg\u0142o\u015bci: <strong><strong>20 dni x 13,10 z\u0142 = 262,00 z\u0142<\/strong><\/strong><\/h3>\n\n\n\n<h3 class=\"wp-block-heading has-text-align-center has-vivid-green-cyan-color has-text-color has-link-color wp-elements-36d2180d270d71398618da7d76225f27\">Kujawska: <strong><strong>17 dni x 13,10 z\u0142 = 222,70 z\u0142<\/strong><\/strong><\/h3>\n\n\n\n<h3 class=\"wp-block-heading has-text-align-center\"><strong>&nbsp; WP\u0141ATY<\/strong> <strong>B\u0118D\u0104 PRZYJMOWANE<\/strong><\/h3>\n\n\n\n<h3 class=\"wp-block-heading has-text-align-center\"><strong>\u00a0OD <span style=\"color: #ff0000;\">01.05.2026r. &#8211; 08.05.2026r.<\/span><\/strong><\/h3>\n\n\n\n<p class=\"has-text-align-center\">R\u00d3\u017bNICA WP\u0141AT SPOWODOWANA JEST EGZAMINAMI KLAS VIII <\/p>\n\n\n\n<p class=\"has-text-align-center\">WP\u0141ATY ZA OBIADY PROSZ\u0118 UMNIEJSZA\u0106 O WYCIECZKI MAJOWE !<\/p>\n\n\n\n<p>&nbsp;<\/p>\n\n\n\n<h3 class=\"wp-block-heading has-text-align-center\">Op\u0142ata za obiady p\u0142atna tylko na konto bankowe.<\/h3>\n\n\n\n<h3 class=\"wp-block-heading has-text-align-center\">Nr konta: <strong><span style=\"color: #ff0000;\">46 1020 3844 0000 1802 0139 2224<\/span><\/strong><\/h3>\n\n\n\n<h3 class=\"wp-block-heading has-text-align-center\">UWAGA!<br>Prosimy o przestrzeganie podanych termin\u00f3w i wp\u0142at\u0119 podanej kwoty.<\/h3>\n\n\n\n<p class=\"has-text-align-center\"><\/p>\n\n\n\n<h5 class=\"wp-block-heading has-text-align-center\"><a href=\"https:\/\/sp5.pila.pl\/SP5\/wp-content\/uploads\/Karta-zgloszenia-na-obiady-1.docx\">Karta-zgloszenia-na-obiady<\/a><\/h5>\n\n\n\n<p class=\"has-text-align-center\">&nbsp;<\/p>\n\n\n\n<figure class=\"wp-block-image aligncenter\"><a href=\"https:\/\/sp5.pila.pl\/SP5\/wp-content\/uploads\/jadlospis.png\"><img loading=\"lazy\" decoding=\"async\" width=\"493\" height=\"133\" src=\"https:\/\/sp5.pila.pl\/SP5\/wp-content\/uploads\/jadlospis.png\" alt=\"\" class=\"wp-image-54036\" srcset=\"https:\/\/sp5.pila.pl\/SP5\/wp-content\/uploads\/jadlospis.png 493w, https:\/\/sp5.pila.pl\/SP5\/wp-content\/uploads\/jadlospis-300x81.png 300w\" sizes=\"auto, (max-width: 493px) 100vw, 493px\" \/><\/a><\/figure>\n\n\n\n<p><\/p>\n\n\n\n<h2 class=\"wp-block-heading has-text-align-center\"><span style=\"color: #ff0000;\"><strong>maj 2026r.<\/strong><\/span><\/h2>\n\n\n\n<p class=\"has-text-align-center\"><\/p>\n\n\n\n<p class=\"has-text-align-center\"><\/p>\n\n\n\n<figure class=\"wp-block-table\"><table class=\"has-fixed-layout\"><tbody><tr><td><strong><u>PONIEDZIA\u0141EK<\/u><\/strong> <strong><u>04.05.2026<\/u><\/strong><\/td><td><strong>Zupa: grochowa, pieczywo mieszane<br>Pyzy na parze z sosem jogurtowo-truskawkowym, napar z melisy, jab\u0142ko<\/strong><\/td><td><strong>Alergeny:&nbsp;<br>seler, gluten,<br>nabia\u0142<\/strong><\/td><\/tr><tr><td><strong><u>WTOREK<\/u><\/strong> <strong><u>05.05.2026<\/u><\/strong><\/td><td><strong>Zupa: koperkowa z lanymi kluseczkami<br>Pulpeciki wieprzowe w sosie pomidorowym, ziemniaki puree, sur\u00f3wka z marchewki,&nbsp;<br>kompot truskawkowy, banan<\/strong><\/td><td><strong>Alergeny:<br>seler, gluten, nabia\u0142, jaja<\/strong><\/td><\/tr><tr><td><strong><u>\u015aRODA<\/u><\/strong> <strong><u>06.05.2026<\/u><\/strong><\/td><td><strong>Zupa: broku\u0142owa, pieczywo mieszane<br>Udko drobiowe z pieca, ziemniaki z koperkiem,<br>sa\u0142ata ze \u015bmietan\u0105, kompot z czarnej porzeczki, gruszka<\/strong><\/td><td><strong>Alergeny:<br>nabia\u0142, seler, gluten<\/strong><\/td><\/tr><tr><td><strong><u>CZWARTEK<\/u><\/strong> <strong><u>07.05.2026<\/u><\/strong><\/td><td><strong>Zupa: z m\u0142odej kapusty, pieczywo mieszane<br>Schab duszony w warzywach, kasza j\u0119czmienna,&nbsp;<br>kompot malinowy, mus owocowy b\/c<\/strong><\/td><td><strong>Alergeny:<br>nabia\u0142, seler, gluten<\/strong><\/td><\/tr><tr><td><strong><u>PI\u0104TEK<\/u><\/strong> <strong><u>08.05.2026<\/u><\/strong><\/td><td><strong>Zupa: jarzynowa, pieczywo mieszane<br>Makaron kokardki ze szpinakiem, czosnkiem<br>i \u0142ososiem w\u0119dzonym,&nbsp; kompot jab\u0142kowy, kiwi<\/strong><\/td><td><strong>Alergeny: nabia\u0142, seler, gluten, ryba<\/strong><\/td><\/tr><tr><td><strong><u>PONIEDZIA\u0141EK<\/u><\/strong> <strong><u>11.05.2026<br><\/u><\/strong>EGZAMINY<br>KLAS VIII<br>aleja Niepodleg\u0142o\u015bci<strong><u><\/u><\/strong><\/td><td><strong><br>Zupa: meksyka\u0144ska, pieczywo mieszane<br>Makaron \u015bwiderki z twarogiem, napar z mi\u0119ty, jab\u0142ko<\/strong><\/td><td><strong>Alergeny:<br>seler, gluten, nabia\u0142<\/strong><\/td><\/tr><tr><td><strong><u>WTOREK<\/u><\/strong> <strong><u>12.05.2026<br><\/u><\/strong>EGZAMINY<br>KLAS VIII aleja Niepodleg\u0142o\u015bci<\/td><td><strong>Zupa: kalafiorowa, pieczywo mieszane<br>Szynka w sosie w\u0142asnym, kluski \u015bl\u0105skie, sur\u00f3wka z modrej kapusty ze s\u0142onecznikiem,<br>kompot wieloowocowy, sok owocowy b\/c<\/strong><\/td><td><strong>Alergeny:<br>nabia\u0142, seler, gluten<br><br><\/strong><\/td><\/tr><tr><td><strong><u>\u015aRODA<\/u><\/strong> <strong><u>13.05.2026<br><\/u><\/strong>EGZAMINY<br>KLAS VIII<br>aleja Niepodleg\u0142o\u015bci<\/td><td><strong>Zupa: wiede\u0144ska<\/strong> <strong>Kotlet schabowy panierowany,<br>ziemniaki puree, mizeria,&nbsp; kompot \u015bliwkowy, wafle ry\u017cowe<\/strong><\/td><td><strong>Alergeny:<br>seler, gluten, nabia\u0142, jaja<\/strong><\/td><\/tr><tr><td><strong><u>CZWARTEK<\/u><\/strong> <strong><u>14.05.2026<\/u><\/strong><\/td><td><strong>Zupa: ros\u00f3\u0142 z makaronem<br>Potrawka z kurczaka, ry\u017c,<br>marchewka z groszkiem,&nbsp; kompot gruszkowy, banan<\/strong><\/td><td><strong>Alergeny:<br>seler, gluten, nabia\u0142<\/strong><\/td><\/tr><tr><td><strong><u>PI\u0104TEK<\/u><\/strong> <strong><u>15.05.2026<\/u><\/strong><\/td><td><strong>Zupa: og\u00f3rkowa, bu\u0142ka paryska<br>Filet z morszczuka sma\u017cony, ziemniaki puree, sur\u00f3wka z m\u0142odej kapusty, kompot agrestowy, batonik zbo\u017cowy<\/strong><\/td><td><strong>Alergeny:<br>nabia\u0142, ryba, seler, gluten<\/strong><\/td><\/tr><tr><td><strong><u>PONIEDZIA\u0141EK<\/u><\/strong> <strong><u>18.05.2026<\/u><\/strong><\/td><td><strong>Zupa: barszcz czerwony z ziemniakami,&nbsp; pieczywo mieszane<br>Krokiety z mi\u0119sem, sos pieczarkowy,&nbsp;<br>herbata rumiankowa, skyr do picia<\/strong><\/td><td><strong>Alergeny:<br>nabia\u0142, seler, gluten, jaja<\/strong><\/td><\/tr><tr><td><strong><u>WTOREK<\/u><\/strong> <strong><u>19.05.2026<\/u><\/strong><\/td><td><strong>Zupa: pomidorowa z ry\u017cem<br>Kotlet mielony, ziemniaki z koperkiem,<br>sur\u00f3wka wiosenna, kompot truskawkowy, gruszka<\/strong><\/td><td><strong>Alergeny:<br>gluten, seler, nabia\u0142, jaja<\/strong><\/td><\/tr><tr><td><strong><u>\u015aRODA<\/u><\/strong> <strong><u>20.05.2026<\/u><\/strong><\/td><td><strong>Zupa: grysikowa<br>Nuggetsy drobiowe, frytki z pieca,<br><\/strong><strong>sur\u00f3wka z sa\u0142aty lodowej, og\u00f3rka \u015bwie\u017cego<br>i pomidork\u00f3w koktajlowych<\/strong><strong>,<br>kompot agrestowy, jogurt owocowy b\/c<\/strong><\/td><td><strong>Alergeny:<br>gluten, seler, nabia\u0142, jaja<\/strong><\/td><\/tr><tr><td><strong><u>CZWARTEK<\/u><\/strong> <strong><u>21.05.2026<\/u><\/strong><\/td><td><strong>Zupa: marchewkowa<br>Makaron pi\u00f3ra z kurczakiem w sosie \u015bmietanowo-zio\u0142owym,&nbsp;<br>kompot z czarnej porzeczki, jab\u0142ko<\/strong><\/td><td><strong>Alergeny:&nbsp; nabia\u0142, seler, gluten<\/strong><\/td><\/tr><tr><td><strong><u>PI\u0104TEK<\/u><\/strong> <strong><u>22.05.2026<\/u><\/strong><\/td><td><strong>Zupa: kapu\u015bniak z kiszonej kapusty,<br>pieczywo mieszane<br>Paluszki rybne z serem i zio\u0142ami, ziemniaki<br>z koperkiem, broku\u0142 gotowany z bu\u0142k\u0105 tart\u0105,&nbsp;<br>kompot malinowy<\/strong><\/td><td><strong>Alergeny:&nbsp; nabia\u0142, seler, gluten, ryba<\/strong><\/td><\/tr><tr><td><strong><u>PONIEDZIA\u0141EK<\/u><\/strong> <strong><u>25.05.2026<\/u><\/strong><\/td><td><strong>Zupa: ziemniaczana, pieczywo mieszane<br>Makaron a\u2019lla carbonara z boczkiem,<br>kompot truskawkowy, kiwi<\/strong><\/td><td><strong>Alergeny:&nbsp; nabia\u0142, seler, gluten<\/strong><\/td><\/tr><tr><td><strong><u>WTOREK<\/u><\/strong> <strong><u>26.05.2026<\/u><\/strong><\/td><td><strong>Zupa: pieczarkowa<\/strong> <strong>Gulasz z szynki , kasza p\u0119czak,<br>buraczki gotowane, kompot wieloowocowy,<br>sok marchewkowy b\/c<\/strong><\/td><td><strong>Alergeny:&nbsp; nabia\u0142, seler, gluten<\/strong><\/td><\/tr><\/tbody><\/table><\/figure>\n\n\n\n<p class=\"has-text-align-center\"><\/p>\n\n\n\n<p class=\"has-text-align-center\"><\/p>\n\n\n\n<p class=\"has-text-align-center\"><span style=\"text-align: center;\">Substancje lub produkty powoduj\u0105ce alergie lub reakcje nietolerancji:<\/span><\/p>\n\n\n\n<p class=\"has-text-align-center\">1.Zbo\u017ca zawieraj\u0105ce gluten, tj. pszenica, \u017cyto, j\u0119czmie\u0144, owies, orkisz, kamult<\/p>\n\n\n\n<p class=\"has-text-align-center\">2. Skorupiaki i produkty pochodne<\/p>\n\n\n\n<p class=\"has-text-align-center\">3. Jaja i produkty pochodne<\/p>\n\n\n\n<p class=\"has-text-align-center\">4. Ryby i produkty pochodne<\/p>\n\n\n\n<p class=\"has-text-align-center\">5. Soja i produkty pochodne<\/p>\n\n\n\n<p class=\"has-text-align-center\">6. Mleko i produkty pochodne ( \u0142\u0105cznie z laktoz\u0105 )<\/p>\n\n\n\n<p class=\"has-text-align-center\">7. Orzechy, tj. migda\u0142y, orzechy laskowe, orzechy w\u0142oskie, orzechy nerkowca, orzechy makadamia, orzechy arachidowe, pistacje<\/p>\n\n\n\n<p class=\"has-text-align-center\">8. Seler i produkty pochodne<\/p>\n\n\n\n<p class=\"has-text-align-center\">9. Gorczyca i produkty pochodne<\/p>\n\n\n\n<p class=\"has-text-align-center\">10. Nasiona sezamu i produkty pochodne<\/p>\n\n\n\n<ol class=\"wp-block-list\">\n<li><\/li>\n<\/ol>\n\n\n\n<p class=\"has-text-align-center\"><strong>Za\u0142\u0105cznik nr 1 do Zarz\u0105dzenia nr&nbsp;&nbsp;12 \/2020 <\/strong><\/p>\n\n\n\n<p class=\"has-text-align-center\"><strong>Dyrektora Szko\u0142y Podstawowej nr5 <\/strong><\/p>\n\n\n\n<p class=\"has-text-align-center\"><strong>im. Dzieci Polskich w Pile <\/strong><\/p>\n\n\n\n<p class=\"has-text-align-center\"><strong>z dnia 27 sierpnia 2020<\/strong><\/p>\n\n\n\n<p class=\"has-text-align-center\"><strong>REGULAMIN STO\u0141\u00d3WKI<\/strong><\/p>\n\n\n\n<p class=\"has-text-align-center\"><strong>Szko\u0142y Podstawowej nr 5 <\/strong><\/p>\n\n\n\n<p class=\"has-text-align-center\"><strong>im. Dzieci Polskich w Pile<\/strong><\/p>\n\n\n\n<ol class=\"wp-block-list\">\n<li>Sto\u0142\u00f3wka jest miejscem spo\u017cywania posi\u0142k\u00f3w przygotowanych przez kuchni\u0119 szkoln\u0105&nbsp;&nbsp;dla uczni\u00f3w i pracownik\u00f3w &nbsp;szko\u0142y.<\/li>\n<\/ol>\n\n\n\n<p class=\"has-text-align-center\">2. Obiady wydawane s\u0105 dla:<\/p>\n\n\n\n<p class=\"has-text-align-center\">&#8211; uczni\u00f3w oraz dzieci z oddzia\u0142\u00f3w przedszkolnych wnosz\u0105cych op\u0142aty indywidualne,<\/p>\n\n\n\n<p class=\"has-text-align-center\">&#8211; dla dzieci, kt\u00f3rych do\u017cywianie finansowane jest z MOPS-u,<\/p>\n\n\n\n<p class=\"has-text-align-center\">&#8211; dla pracownik\u00f3w szko\u0142y, kt\u00f3rzy op\u0142acili posi\u0142ek.<\/p>\n\n\n\n<p class=\"has-text-align-center\">3. Posi\u0142ki wydawane s\u0105 w godzinach: w budynku przy Kujawskiej -11.30 \u2013 13<sup>45 <\/sup>, w budynku przy Niepodleg\u0142o\u015bci \u2013 11.30 do 13.15<\/p>\n\n\n\n<p class=\"has-text-align-center\">4. W przypadkach uzasadnionych (wynikaj\u0105cych z organizacji pracy szko\u0142y) pora obiad\u00f3w mo\u017ce ulec zmianie. Korzystaj\u0105cy z obiad\u00f3w b\u0119d\u0105 o tym fakcie poinformowani dzie\u0144 wcze\u015bniej.<\/p>\n\n\n\n<p class=\"has-text-align-center\">5. Podczas wydawania obiad\u00f3w w sto\u0142\u00f3wce mog\u0105 przebywa\u0107 wy\u0142\u0105cznie osoby spo\u017cywaj\u0105ce posi\u0142ek i pracownicy szko\u0142y.<\/p>\n\n\n\n<p class=\"has-text-align-center\">6. Przed okienkiem, w kt\u00f3rym wydaje si\u0119 obiady, obowi\u0105zuje kolejka w jednym szeregu.<\/p>\n\n\n\n<p class=\"has-text-align-center\">7. Podczas spo\u017cywania obiadu nie nale\u017cy prowadzi\u0107 g\u0142o\u015bnych rozm\u00f3w, biega\u0107 po sali, a tak\u017ce prezentowa\u0107 innych niestosownych zachowa\u0144.<\/p>\n\n\n\n<p class=\"has-text-align-center\">8. Obiady w systemie abonamentowym nale\u017cy wykupi\u0107 na okres miesi\u0105ca. Wp\u0142at za obiady nale\u017cy dokonywa\u0107 wy\u0142\u0105cznie drog\u0105 elektroniczn\u0105 na konto bankowe<\/p>\n\n\n\n<p class=\"has-text-align-center\">SZKO\u0141A PODSTAWOWA NR 5 IM. DZIECI POLSKICH,<\/p>\n\n\n\n<p class=\"has-text-align-center\">AL. NIEPODLEG\u0141O\u015aCI 18<\/p>\n\n\n\n<p class=\"has-text-align-center\">64-920 PI\u0141A<\/p>\n\n\n\n<p class=\"has-text-align-center\">NR KONTA SZKO\u0141Y:<\/p>\n\n\n\n<p class=\"has-text-align-center\"><strong>46102038440000180201392224<\/strong><\/p>\n\n\n\n<p class=\"has-text-align-center\">9. Wp\u0142at nale\u017cy dokonywa\u0107 w dniach od 1 do 5 ka\u017cdego miesi\u0105ca. W tytule przelewu powinno znale\u017a\u0107 si\u0119&nbsp; <strong>imi\u0119 i nazwisko dziecka, klasa oraz miesi\u0105c, kt\u00f3rego dotyczy wp\u0142ata <\/strong><\/p>\n\n\n\n<p class=\"has-text-align-center\">NP. JAN KOWALSKI, KLASA II a, OBIADY WRZESIE\u0143 2022<\/p>\n\n\n\n<p class=\"has-text-align-center\">10. Przed wej\u015bciem do sto\u0142\u00f3wki ucze\u0144 podaje nazwisko dy\u017curuj\u0105cemu wychowawcy, kt\u00f3ry zaznacza obecno\u015b\u0107 na li\u015bcie przy nazwisku ucznia.<\/p>\n\n\n\n<p class=\"has-text-align-center\">11. Mo\u017cna zrezygnowa\u0107 z obiadu telefonicznie u intendenta. Rezygnacja na dzie\u0144 bie\u017c\u0105cy musi by\u0107 zg\u0142oszona do godz. 9.00. Zg\u0142oszenia po godz. 9.00 (do 14.00) dotycz\u0105 rezygnacji z kolejnych dni. W przypadku zg\u0142oszonej nieobecno\u015bci (zg\u0142oszenia do godz. 9.00) zwrotowi podlega dzienna stawka \u017cywieniowa za ka\u017cdy dzie\u0144 od dnia, w kt\u00f3rym nast\u0105pi\u0142o zg\u0142oszenie.<\/p>\n\n\n\n<p class=\"has-text-align-center\">12. Odliczenie kwoty zwrotu nast\u0119puje tylko za zg\u0142oszon\u0105 nieobecno\u015b\u0107 z odp\u0142atno\u015bci w nast\u0119pnym miesi\u0105cu. Odliczenie, o kt\u00f3rym mowa nie dotyczy czerwca i grudnia oraz miesi\u0105ca, po kt\u00f3rym nast\u0119puje rezygnacja z posi\u0142k\u00f3w.&nbsp;&nbsp;&nbsp;&nbsp;&nbsp;&nbsp;&nbsp;&nbsp;&nbsp;&nbsp;&nbsp;&nbsp;&nbsp;&nbsp;&nbsp;&nbsp;&nbsp;&nbsp;&nbsp;&nbsp;&nbsp;&nbsp;&nbsp;&nbsp;&nbsp;&nbsp;&nbsp;&nbsp;&nbsp;&nbsp;&nbsp;&nbsp;&nbsp;&nbsp;&nbsp;&nbsp;&nbsp;&nbsp;&nbsp;&nbsp;&nbsp;&nbsp;&nbsp;&nbsp;&nbsp;&nbsp;&nbsp;&nbsp;&nbsp;&nbsp;&nbsp;&nbsp;&nbsp;&nbsp;&nbsp;&nbsp;&nbsp;&nbsp;&nbsp;&nbsp;&nbsp;&nbsp;&nbsp;&nbsp;&nbsp;&nbsp;&nbsp;&nbsp;&nbsp;&nbsp;&nbsp;&nbsp;&nbsp;&nbsp;&nbsp;&nbsp;&nbsp;&nbsp;&nbsp;&nbsp;&nbsp;&nbsp;&nbsp;&nbsp; &nbsp; &nbsp; &nbsp; &nbsp; &nbsp;<\/p>\n\n\n\n<p class=\"has-text-align-center\">13. W razie rezygnacji z ca\u0142omiesi\u0119cznych obiad\u00f3w nale\u017cy powiadomi\u0107 intendenta do ostatniego dnia miesi\u0105ca poprzedzaj\u0105cego rezygnacj\u0119.<\/p>\n\n\n\n<p class=\"has-text-align-center\">14. Dla uczni\u00f3w przebywaj\u0105cych na zwolnieniu lekarskim, kt\u00f3rych finansowane \u017cywienie jest przez MOPS , obiad wydawany jest rodzinie ucznia, kt\u00f3ra ma go dostarczy\u0107 dziecku do domu tylko w wyznaczonej godzinie :<\/p>\n\n\n\n<p class=\"has-text-align-center\">w budynku przy Niepodleg\u0142o\u015bci o godzinie \u201313.15 do 13.30<\/p>\n\n\n\n<p class=\"has-text-align-center\">&nbsp;w budynku przy Kujawskiej o godzinie &#8211; 13.00 do 13.20<\/p>\n\n\n\n<p class=\"has-text-align-center\">15. Ze wzgl\u0119d\u00f3w epidemicznych odbieraj\u0105cy obiad przekazuje pojemniki pracownikowi szko\u0142y w holu szko\u0142y podaj\u0105c nazwisko dziecka i tam czeka na odbi\u00f3r posi\u0142ku.<\/p>\n\n\n\n<p class=\"has-text-align-center\">16. Procedury higieniczne dotycz\u0105ce \u017cywienia i wydawania posi\u0142k\u00f3w zwi\u0105zane z zagro\u017ceniem epidemicznym zawarte s\u0105 w Zasadach Organizacji pacy szko\u0142y i PROCEDURACH BEZPIECZE\u0143STWA W OKRESIE PANDEMII COVID-19<\/p>\n","protected":false},"excerpt":{"rendered":"<p>ODP\u0141ATNO\u015a\u0106 ZA OBIADYMAJ 2026r. WYNOSI : DLA UCZNI\u00d3W: Niepodleg\u0142o\u015bci: 20 dni x 7,00 z\u0142 = 140,00 z\u0142 Kujawska: 17 dni [&hellip;]<\/p>\n","protected":false},"author":1,"featured_media":0,"parent":0,"menu_order":0,"comment_status":"closed","ping_status":"closed","template":"","meta":{"_editorskit_title_hidden":false,"_editorskit_reading_time":0,"_editorskit_is_block_options_detached":false,"_editorskit_block_options_position":"{}","rop_custom_images_group":[],"rop_custom_messages_group":[],"rop_publish_now":"initial","rop_publish_now_accounts":[],"rop_publish_now_history":[],"rop_publish_now_status":"pending","_uag_custom_page_level_css":"","site-sidebar-layout":"default","site-content-layout":"","ast-site-content-layout":"default","site-content-style":"default","site-sidebar-style":"default","ast-global-header-display":"","ast-banner-title-visibility":"","ast-main-header-display":"","ast-hfb-above-header-display":"","ast-hfb-below-header-display":"","ast-hfb-mobile-header-display":"","site-post-title":"","ast-breadcrumbs-content":"","ast-featured-img":"","footer-sml-layout":"","ast-disable-related-posts":"","theme-transparent-header-meta":"default","adv-header-id-meta":"","stick-header-meta":"","header-above-stick-meta":"","header-main-stick-meta":"","header-below-stick-meta":"","astra-migrate-meta-layouts":"set","ast-page-background-enabled":"default","ast-page-background-meta":{"desktop":{"background-color":"var(--ast-global-color-5)","background-image":"","background-repeat":"repeat","background-position":"center center","background-size":"auto","background-attachment":"scroll","background-type":"","background-media":"","overlay-type":"","overlay-color":"","overlay-opacity":"","overlay-gradient":""},"tablet":{"background-color":"","background-image":"","background-repeat":"repeat","background-position":"center center","background-size":"auto","background-attachment":"scroll","background-type":"","background-media":"","overlay-type":"","overlay-color":"","overlay-opacity":"","overlay-gradient":""},"mobile":{"background-color":"","background-image":"","background-repeat":"repeat","background-position":"center center","background-size":"auto","background-attachment":"scroll","background-type":"","background-media":"","overlay-type":"","overlay-color":"","overlay-opacity":"","overlay-gradient":""}},"ast-content-background-meta":{"desktop":{"background-color":"var(--ast-global-color-4)","background-image":"","background-repeat":"repeat","background-position":"center center","background-size":"auto","background-attachment":"scroll","background-type":"","background-media":"","overlay-type":"","overlay-color":"","overlay-opacity":"","overlay-gradient":""},"tablet":{"background-color":"var(--ast-global-color-4)","background-image":"","background-repeat":"repeat","background-position":"center center","background-size":"auto","background-attachment":"scroll","background-type":"","background-media":"","overlay-type":"","overlay-color":"","overlay-opacity":"","overlay-gradient":""},"mobile":{"background-color":"var(--ast-global-color-4)","background-image":"","background-repeat":"repeat","background-position":"center center","background-size":"auto","background-attachment":"scroll","background-type":"","background-media":"","overlay-type":"","overlay-color":"","overlay-opacity":"","overlay-gradient":""}},"ngg_post_thumbnail":0,"footnotes":""},"class_list":["post-4313","page","type-page","status-publish","hentry"],"uagb_featured_image_src":{"full":false,"thumbnail":false,"medium":false,"medium_large":false,"large":false,"1536x1536":false,"2048x2048":false},"uagb_author_info":{"display_name":"PMT","author_link":"https:\/\/sp5.pila.pl\/SP5\/author\/ludi\/"},"uagb_comment_info":0,"uagb_excerpt":"ODP\u0141ATNO\u015a\u0106 ZA OBIADYMAJ 2026r. WYNOSI : DLA UCZNI\u00d3W: Niepodleg\u0142o\u015bci: 20 dni x 7,00 z\u0142 = 140,00 z\u0142 Kujawska: 17 dni [&hellip;]","_links":{"self":[{"href":"https:\/\/sp5.pila.pl\/SP5\/wp-json\/wp\/v2\/pages\/4313","targetHints":{"allow":["GET"]}}],"collection":[{"href":"https:\/\/sp5.pila.pl\/SP5\/wp-json\/wp\/v2\/pages"}],"about":[{"href":"https:\/\/sp5.pila.pl\/SP5\/wp-json\/wp\/v2\/types\/page"}],"author":[{"embeddable":true,"href":"https:\/\/sp5.pila.pl\/SP5\/wp-json\/wp\/v2\/users\/1"}],"replies":[{"embeddable":true,"href":"https:\/\/sp5.pila.pl\/SP5\/wp-json\/wp\/v2\/comments?post=4313"}],"version-history":[{"count":297,"href":"https:\/\/sp5.pila.pl\/SP5\/wp-json\/wp\/v2\/pages\/4313\/revisions"}],"predecessor-version":[{"id":59934,"href":"https:\/\/sp5.pila.pl\/SP5\/wp-json\/wp\/v2\/pages\/4313\/revisions\/59934"}],"wp:attachment":[{"href":"https:\/\/sp5.pila.pl\/SP5\/wp-json\/wp\/v2\/media?parent=4313"}],"curies":[{"name":"wp","href":"https:\/\/api.w.org\/{rel}","templated":true}]}}