{"id":4526,"date":"2018-09-06T10:47:27","date_gmt":"2018-09-06T08:47:27","guid":{"rendered":"http:\/\/sp5.pila.pl\/SP5\/?page_id=4526"},"modified":"2018-09-17T12:21:29","modified_gmt":"2018-09-17T10:21:29","slug":"zadania-dla-zainteresowanych-klasa-i-iv","status":"publish","type":"page","link":"https:\/\/sp5.pila.pl\/SP5\/zadania-dla-zainteresowanych-klasa-i-iv\/","title":{"rendered":"Zadania dla zainteresowanych klasa I-IV"},"content":{"rendered":"<p><img loading=\"lazy\" decoding=\"async\" width=\"300\" height=\"300\" class=\"size-full wp-image-4528 aligncenter\" alt=\"\" src=\"https:\/\/sp5.pila.pl\/SP5\/wp-content\/uploads\/belajar.pintar.matematika.png\" srcset=\"https:\/\/sp5.pila.pl\/SP5\/wp-content\/uploads\/belajar.pintar.matematika.png 300w, https:\/\/sp5.pila.pl\/SP5\/wp-content\/uploads\/belajar.pintar.matematika-150x150.png 150w\" sizes=\"auto, (max-width: 300px) 100vw, 300px\" \/><\/p>\n<p><a href=\"https:\/\/sp5.pila.pl\/SP5-archiwum\/wp-content\/uploads\/2014\/12\/Zagadki-matematyczne-dla-Trzeciak\u0102\u0142w-stycze\u0139\u201e-2016rz.doc\">Zagadki matematyczne dla trzeciak\u00f3w pobierz<\/a><\/p>\n<p><a href=\"https:\/\/sp5.pila.pl\/SP5-archiwum\/wp-content\/uploads\/2014\/12\/\u0141amig\u0142\u00f3wki-dla-drugoklasist\u00f3wrz.docx\">\u0141amig\u0142\u00f3wki dla drugoklasist\u00f3w pobierz<\/a><\/p>\n<p><a href=\"https:\/\/sp5.pila.pl\/SP5-archiwum\/wp-content\/uploads\/2014\/12\/Zagadki-dla-pierwszoklasist\u00f3w1-rz.docx\">Zagadki dla pierwszoklasist\u00f3w pobierz<\/a><\/p>\n<p><a href=\"https:\/\/sp5.pila.pl\/SP5-archiwum\/wp-content\/uploads\/2014\/12\/Sudoku-dla-najm\u0139\u201aodszychrz.docx\" rel=\"\">Sudoku dla najm\u0142odszych pobierz<\/a><\/p>\n<p><a href=\"https:\/\/sp5.pila.pl\/SP5-archiwum\/wp-content\/uploads\/2014\/12\/Witajcie-M\u0139\u201aodzi-Mistrzowierz.docx\" rel=\"\">Sudoku dla najm\u0142odszych 2 pobierz<\/a><\/p>\n<p><a href=\"https:\/\/sp5.pila.pl\/SP5-archiwum\/wp-content\/uploads\/2014\/12\/arkusz-do-matematrz.docx\" rel=\"\">Matematyka dla pierwszaka&nbsp;pobierz<\/a><\/p>\n<p><a href=\"https:\/\/sp5.pila.pl\/SP5-archiwum\/wp-content\/uploads\/2014\/12\/J\u0119zyk-polski-dla-pierwszakarz.docx\" rel=\"\">J\u0119zyk polski dla pierwszaka pobierz<\/a><\/p>\n<p><a href=\"https:\/\/sp5.pila.pl\/SP5-archiwum\/wp-content\/uploads\/2014\/12\/Zadania-tekstowe-dla-klas-IIrz.doc\" rel=\"\">Zadani<\/a><a href=\"https:\/\/sp5.pila.pl\/SP5-archiwum\/wp-content\/uploads\/2014\/12\/Zadania-tekstowe-dla-klas-IIrz.doc\" rel=\"\">a tekstowe dla klas II pobierz<\/a><\/p>\n<p><a href=\"https:\/\/sp5.pila.pl\/SP5-archiwum\/wp-content\/uploads\/2014\/12\/Zadaniarz.docx\" rel=\"\">Zadania matematyczne dla klas III pobierz<\/a><\/p>\n<p>Zadania matematyczne dla klas III&nbsp;<a href=\"https:\/\/sp5.pila.pl\/SP5-archiwum\/wp-content\/uploads\/2014\/12\/Wysil-umys\u00e9-i-pokonaj-\u00e9amig\u00e9-wki-zadania-matematyczne-dla-klasy-III.docx\">pobierz<\/a><\/p>\n<p><a href=\"https:\/\/sp5.pila.pl\/SP5-archiwum\/wp-content\/uploads\/2014\/12\/Orze\u0142-matematyczny-klasa-I.docx\">orze\u0142 matematyczny dla klas I pobierz<\/a><\/p>\n<p><a href=\"https:\/\/sp5.pila.pl\/SP5-archiwum\/wp-content\/uploads\/2014\/12\/Orze\u0142-matematyczny-klasa-2.docx\">orze\u0142 matematyczny dla klas II pobierz<\/a><\/p>\n<p>test ze znajomo\u015bci Biblii <a href=\"http:\/\/learningapps.org\/watch?v=pfugi5dh517\">pobierz<\/a><\/p>\n<p>Potrenuj przed sprawdzianem z angielskiego klasa IV <a href=\"https:\/\/quizlet.com\/join\/mpKaEFQ2Q\">pobierz<\/a><\/p>\n<p><a href=\"http:\/\/learningapps.org\/join\/x4hrczm2\">Gry dla uczni\u00f3w powtarzaj\u0105ce materia\u0142 z lekcji j\u0119zyka angielskiego dla klasy IV<\/a><\/p>\n<p>Orze\u0142 matematyczny dla klas III \u2013 IV&nbsp;<a href=\"https:\/\/sp5.pila.pl\/SP5-archiwum\/wp-content\/uploads\/2014\/12\/Orze\u0142-matematyczny-klasa-3-4.docx\">pobierz<\/a><\/p>\n<p>Zadania z j\u0119zyka polskiego do lektury \u201eAkademia Pana Kleksa\u201d&nbsp;<a href=\"http:\/\/learningapps.org\/display?v=pjyftkxgj16\">pobierz<\/a><\/p>\n<p>Zadania z j\u0119zyka polskiego do lektury \u201eAkademia Pana Kleksa\u201d<a href=\"http:\/\/learningapps.org\/watch?v=p09gwbvhn16\"> pobierz<\/a><\/p>\n<p>Zadania z j\u0119zyka polskiego do lektury \u201ePinokio\u201d <a href=\"http:\/\/learningapps.org\/watch?v=peoawjwbt16\">pobierz<\/a><\/p>\n<p>&nbsp;<\/p>\n","protected":false},"excerpt":{"rendered":"<p>Zagadki matematyczne dla trzeciak\u00f3w pobierz \u0141amig\u0142\u00f3wki dla drugoklasist\u00f3w pobierz Zagadki dla pierwszoklasist\u00f3w pobierz Sudoku dla najm\u0142odszych pobierz Sudoku dla najm\u0142odszych [&hellip;]<\/p>\n","protected":false},"author":1,"featured_media":0,"parent":0,"menu_order":0,"comment_status":"closed","ping_status":"closed","template":"","meta":{"_editorskit_title_hidden":false,"_editorskit_reading_time":0,"_editorskit_is_block_options_detached":false,"_editorskit_block_options_position":"{}","rop_custom_images_group":[],"rop_custom_messages_group":[],"rop_publish_now":"initial","rop_publish_now_accounts":[],"rop_publish_now_history":[],"rop_publish_now_status":"pending","_uag_custom_page_level_css":"","site-sidebar-layout":"default","site-content-layout":"","ast-site-content-layout":"default","site-content-style":"default","site-sidebar-style":"default","ast-global-header-display":"","ast-banner-title-visibility":"","ast-main-header-display":"","ast-hfb-above-header-display":"","ast-hfb-below-header-display":"","ast-hfb-mobile-header-display":"","site-post-title":"","ast-breadcrumbs-content":"","ast-featured-img":"","footer-sml-layout":"","ast-disable-related-posts":"","theme-transparent-header-meta":"","adv-header-id-meta":"","stick-header-meta":"","header-above-stick-meta":"","header-main-stick-meta":"","header-below-stick-meta":"","astra-migrate-meta-layouts":"default","ast-page-background-enabled":"default","ast-page-background-meta":{"desktop":{"background-color":"var(--ast-global-color-5)","background-image":"","background-repeat":"repeat","background-position":"center center","background-size":"auto","background-attachment":"scroll","background-type":"","background-media":"","overlay-type":"","overlay-color":"","overlay-opacity":"","overlay-gradient":""},"tablet":{"background-color":"","background-image":"","background-repeat":"repeat","background-position":"center center","background-size":"auto","background-attachment":"scroll","background-type":"","background-media":"","overlay-type":"","overlay-color":"","overlay-opacity":"","overlay-gradient":""},"mobile":{"background-color":"","background-image":"","background-repeat":"repeat","background-position":"center center","background-size":"auto","background-attachment":"scroll","background-type":"","background-media":"","overlay-type":"","overlay-color":"","overlay-opacity":"","overlay-gradient":""}},"ast-content-background-meta":{"desktop":{"background-color":"var(--ast-global-color-4)","background-image":"","background-repeat":"repeat","background-position":"center center","background-size":"auto","background-attachment":"scroll","background-type":"","background-media":"","overlay-type":"","overlay-color":"","overlay-opacity":"","overlay-gradient":""},"tablet":{"background-color":"var(--ast-global-color-4)","background-image":"","background-repeat":"repeat","background-position":"center center","background-size":"auto","background-attachment":"scroll","background-type":"","background-media":"","overlay-type":"","overlay-color":"","overlay-opacity":"","overlay-gradient":""},"mobile":{"background-color":"var(--ast-global-color-4)","background-image":"","background-repeat":"repeat","background-position":"center center","background-size":"auto","background-attachment":"scroll","background-type":"","background-media":"","overlay-type":"","overlay-color":"","overlay-opacity":"","overlay-gradient":""}},"ngg_post_thumbnail":0,"footnotes":""},"class_list":["post-4526","page","type-page","status-publish","hentry"],"uagb_featured_image_src":{"full":false,"thumbnail":false,"medium":false,"medium_large":false,"large":false,"1536x1536":false,"2048x2048":false},"uagb_author_info":{"display_name":"PMT","author_link":"https:\/\/sp5.pila.pl\/SP5\/author\/ludi\/"},"uagb_comment_info":0,"uagb_excerpt":"Zagadki matematyczne dla trzeciak\u00f3w pobierz \u0141amig\u0142\u00f3wki dla drugoklasist\u00f3w pobierz Zagadki dla pierwszoklasist\u00f3w pobierz Sudoku dla najm\u0142odszych pobierz Sudoku dla najm\u0142odszych [&hellip;]","_links":{"self":[{"href":"https:\/\/sp5.pila.pl\/SP5\/wp-json\/wp\/v2\/pages\/4526","targetHints":{"allow":["GET"]}}],"collection":[{"href":"https:\/\/sp5.pila.pl\/SP5\/wp-json\/wp\/v2\/pages"}],"about":[{"href":"https:\/\/sp5.pila.pl\/SP5\/wp-json\/wp\/v2\/types\/page"}],"author":[{"embeddable":true,"href":"https:\/\/sp5.pila.pl\/SP5\/wp-json\/wp\/v2\/users\/1"}],"replies":[{"embeddable":true,"href":"https:\/\/sp5.pila.pl\/SP5\/wp-json\/wp\/v2\/comments?post=4526"}],"version-history":[{"count":4,"href":"https:\/\/sp5.pila.pl\/SP5\/wp-json\/wp\/v2\/pages\/4526\/revisions"}],"predecessor-version":[{"id":4749,"href":"https:\/\/sp5.pila.pl\/SP5\/wp-json\/wp\/v2\/pages\/4526\/revisions\/4749"}],"wp:attachment":[{"href":"https:\/\/sp5.pila.pl\/SP5\/wp-json\/wp\/v2\/media?parent=4526"}],"curies":[{"name":"wp","href":"https:\/\/api.w.org\/{rel}","templated":true}]}}