{"id":4537,"date":"2018-09-06T10:54:33","date_gmt":"2018-09-06T08:54:33","guid":{"rendered":"http:\/\/sp5.pila.pl\/SP5\/?page_id=4537"},"modified":"2025-09-02T14:07:09","modified_gmt":"2025-09-02T12:07:09","slug":"ubezpieczenia","status":"publish","type":"page","link":"https:\/\/sp5.pila.pl\/SP5\/ubezpieczenia\/","title":{"rendered":"UBEZPIECZENIA"},"content":{"rendered":"<p><strong>ROK SZKOLNY 2025\/2026<\/strong><\/p>\n<p>&nbsp;Poni\u017cej znajduje si\u0119 komplet materia\u0142\u00f3w dla rodzic\u00f3w dot. ubezpieczenia nast\u0119pstw &nbsp;nieszcz\u0119\u015bliwych wypadk\u00f3w na rok szkolny 2025\/2026&nbsp; .<\/p>\n<p>Aktualna&nbsp; umowa NNW dzieci i m\u0142odzie\u017cy &nbsp;<strong><u>zosta\u0142a zawarta z Towarzystwem Ubezpieczeniowym InterRisk<\/u><\/strong><\/p>\n<p>Pliki:<\/p>\n<p><a href=\"https:\/\/sp5.pila.pl\/SP5\/wp-content\/uploads\/Ogolne-Warunki-Ubezpieczenia-EDU-PLUS_2025_2026.pdf\">Ogo\u0301lne Warunki Ubezpieczenia EDU PLUS_2025_2026<\/a><\/p>\n<p><a href=\"https:\/\/sp5.pila.pl\/SP5\/wp-content\/uploads\/Postanowienia-dodatkowe-INTER-RISK-NNW-2025_2026.pdf\">Postanowienia dodatkowe INTER RISK NNW 2025_2026<\/a><\/p>\n<p><a href=\"https:\/\/sp5.pila.pl\/SP5\/wp-content\/uploads\/Skrocony-opis-zakresu-ubezpieczenia-2025_2026.pdf\">Skr\u00f3cony opis zakresu ubezpieczenia 2025_2026<\/a><\/p>\n<p><a href=\"https:\/\/sp5.pila.pl\/SP5\/wp-content\/uploads\/Wybrane-waraianty.pdf\">Wybrane waraianty<\/a><\/p>\n<p><a href=\"https:\/\/sp5.pila.pl\/SP5\/wp-content\/uploads\/Zasady-zglaszania-swiadczen-2.pdf\">Zasady zg\u0142aszania \u015bwiadcze\u0144<\/a><\/p>\n<p><a href=\"https:\/\/sp5.pila.pl\/SP5\/wp-content\/uploads\/Zasady-oplaty-skladki_2025_2026.pdf\">Zasady op\u0142aty sk\u0142adki_2025_2026<\/a><\/p>\n<p>&nbsp;<\/p>\n<hr>\n<p>&nbsp;<\/p>\n","protected":false},"excerpt":{"rendered":"<p>ROK SZKOLNY 2025\/2026 &nbsp;Poni\u017cej znajduje si\u0119 komplet materia\u0142\u00f3w dla rodzic\u00f3w dot. ubezpieczenia nast\u0119pstw &nbsp;nieszcz\u0119\u015bliwych wypadk\u00f3w na rok szkolny 2025\/2026&nbsp; . [&hellip;]<\/p>\n","protected":false},"author":1,"featured_media":0,"parent":0,"menu_order":0,"comment_status":"closed","ping_status":"closed","template":"","meta":{"_editorskit_title_hidden":false,"_editorskit_reading_time":0,"_editorskit_is_block_options_detached":false,"_editorskit_block_options_position":"{}","rop_custom_images_group":[],"rop_custom_messages_group":[],"rop_publish_now":"initial","rop_publish_now_accounts":[],"rop_publish_now_history":[],"rop_publish_now_status":"pending","_uag_custom_page_level_css":"","site-sidebar-layout":"default","site-content-layout":"","ast-site-content-layout":"default","site-content-style":"default","site-sidebar-style":"default","ast-global-header-display":"","ast-banner-title-visibility":"","ast-main-header-display":"","ast-hfb-above-header-display":"","ast-hfb-below-header-display":"","ast-hfb-mobile-header-display":"","site-post-title":"","ast-breadcrumbs-content":"","ast-featured-img":"","footer-sml-layout":"","ast-disable-related-posts":"","theme-transparent-header-meta":"default","adv-header-id-meta":"","stick-header-meta":"","header-above-stick-meta":"","header-main-stick-meta":"","header-below-stick-meta":"","astra-migrate-meta-layouts":"set","ast-page-background-enabled":"default","ast-page-background-meta":{"desktop":{"background-color":"var(--ast-global-color-5)","background-image":"","background-repeat":"repeat","background-position":"center center","background-size":"auto","background-attachment":"scroll","background-type":"","background-media":"","overlay-type":"","overlay-color":"","overlay-opacity":"","overlay-gradient":""},"tablet":{"background-color":"","background-image":"","background-repeat":"repeat","background-position":"center center","background-size":"auto","background-attachment":"scroll","background-type":"","background-media":"","overlay-type":"","overlay-color":"","overlay-opacity":"","overlay-gradient":""},"mobile":{"background-color":"","background-image":"","background-repeat":"repeat","background-position":"center center","background-size":"auto","background-attachment":"scroll","background-type":"","background-media":"","overlay-type":"","overlay-color":"","overlay-opacity":"","overlay-gradient":""}},"ast-content-background-meta":{"desktop":{"background-color":"var(--ast-global-color-4)","background-image":"","background-repeat":"repeat","background-position":"center center","background-size":"auto","background-attachment":"scroll","background-type":"","background-media":"","overlay-type":"","overlay-color":"","overlay-opacity":"","overlay-gradient":""},"tablet":{"background-color":"var(--ast-global-color-4)","background-image":"","background-repeat":"repeat","background-position":"center center","background-size":"auto","background-attachment":"scroll","background-type":"","background-media":"","overlay-type":"","overlay-color":"","overlay-opacity":"","overlay-gradient":""},"mobile":{"background-color":"var(--ast-global-color-4)","background-image":"","background-repeat":"repeat","background-position":"center center","background-size":"auto","background-attachment":"scroll","background-type":"","background-media":"","overlay-type":"","overlay-color":"","overlay-opacity":"","overlay-gradient":""}},"ngg_post_thumbnail":0,"footnotes":""},"class_list":["post-4537","page","type-page","status-publish","hentry"],"uagb_featured_image_src":{"full":false,"thumbnail":false,"medium":false,"medium_large":false,"large":false,"1536x1536":false,"2048x2048":false},"uagb_author_info":{"display_name":"PMT","author_link":"https:\/\/sp5.pila.pl\/SP5\/author\/ludi\/"},"uagb_comment_info":0,"uagb_excerpt":"ROK SZKOLNY 2025\/2026 &nbsp;Poni\u017cej znajduje si\u0119 komplet materia\u0142\u00f3w dla rodzic\u00f3w dot. ubezpieczenia nast\u0119pstw &nbsp;nieszcz\u0119\u015bliwych wypadk\u00f3w na rok szkolny 2025\/2026&nbsp; . [&hellip;]","_links":{"self":[{"href":"https:\/\/sp5.pila.pl\/SP5\/wp-json\/wp\/v2\/pages\/4537","targetHints":{"allow":["GET"]}}],"collection":[{"href":"https:\/\/sp5.pila.pl\/SP5\/wp-json\/wp\/v2\/pages"}],"about":[{"href":"https:\/\/sp5.pila.pl\/SP5\/wp-json\/wp\/v2\/types\/page"}],"author":[{"embeddable":true,"href":"https:\/\/sp5.pila.pl\/SP5\/wp-json\/wp\/v2\/users\/1"}],"replies":[{"embeddable":true,"href":"https:\/\/sp5.pila.pl\/SP5\/wp-json\/wp\/v2\/comments?post=4537"}],"version-history":[{"count":43,"href":"https:\/\/sp5.pila.pl\/SP5\/wp-json\/wp\/v2\/pages\/4537\/revisions"}],"predecessor-version":[{"id":54407,"href":"https:\/\/sp5.pila.pl\/SP5\/wp-json\/wp\/v2\/pages\/4537\/revisions\/54407"}],"wp:attachment":[{"href":"https:\/\/sp5.pila.pl\/SP5\/wp-json\/wp\/v2\/media?parent=4537"}],"curies":[{"name":"wp","href":"https:\/\/api.w.org\/{rel}","templated":true}]}}