{"id":4734,"date":"2018-09-17T11:15:01","date_gmt":"2018-09-17T09:15:01","guid":{"rendered":"http:\/\/sp5.pila.pl\/SP5\/?page_id=4734"},"modified":"2024-09-04T11:19:13","modified_gmt":"2024-09-04T09:19:13","slug":"obsluga","status":"publish","type":"page","link":"https:\/\/sp5.pila.pl\/SP5\/obsluga\/","title":{"rendered":"OBS\u0141UGA"},"content":{"rendered":"<p><strong>Bekerska Olena<\/strong>: intendent<\/p>\n<p><strong>B\u0142a\u017cejak Sylwester<\/strong> : konserwator<\/p>\n<p><strong>D\u0105browska Iwona :<\/strong> ksi\u0119gowa<\/p>\n<p><strong>Dychto\u0144 Dagmara:<\/strong> pracownik kuchni<\/p>\n<p><strong>Fiedler Beata : <\/strong>pracownik obs\u0142ugi<\/p>\n<p><strong>Florczak Ewa<\/strong> : pracownik obs\u0142ugi<\/p>\n<p><strong>Franckiewicz Joanna<\/strong> : pracownik kuchni<\/p>\n<p><strong>Golec Ewelina<\/strong> : pracownik kuchni<\/p>\n<p><strong>Heimann Wioletta<\/strong>&nbsp;: referent<\/p>\n<p><strong>Jod\u0142owska-Uram Ma\u0142gorzata<\/strong> : intendent<\/p>\n<p><strong>Kaczmarczyk Joanna<\/strong> : pracownik obs\u0142ugi<\/p>\n<p><strong>Kar\u017cewicz Urszula<\/strong> : pracownik kuchni<\/p>\n<p><strong>K\u0119dziora Joanna<\/strong>: pracownik obs\u0142ugi<\/p>\n<p><strong>Konieczna S\u0142awomira<\/strong> : pracownik obs\u0142ugi<\/p>\n<p><strong>Kr\u00f3l Jacek<\/strong> : konserwator<\/p>\n<p><strong>Ku\u017aniacka Sylwia<\/strong>: pracownik obs\u0142ugi<\/p>\n<p><strong>Lisowska Ewa<\/strong> : pracownik obs\u0142ugi<\/p>\n<p><strong>\u0141ukowska Aneta<\/strong> : pracownik obs\u0142ugi<\/p>\n<p><strong>Mieczkowska Katarzyna<\/strong> : pracownik kuchni<\/p>\n<p><strong>Misiak Aleksandra<\/strong> : pracownik obs\u0142ugi<\/p>\n<p><strong>M\u0142odziankiewicz Maria:<\/strong> pracownik obs\u0142ugi<\/p>\n<p><strong>Moczko Anna<\/strong> : sekretarz<\/p>\n<p><strong>Nowak Justyna<\/strong>: pracownik obs\u0142ugi<\/p>\n<p><strong>Piasecka El\u017cbieta<\/strong> : pracownik obs\u0142ugi<\/p>\n<p><strong>P\u0142otka Agnieszka<\/strong>: pracownik obs\u0142ugi<\/p>\n<p><strong>Podg\u00f3rska \u2013 K\u0119dziora Joanna<\/strong> : kierownik gospodarczy<\/p>\n<p><strong>Potocka Krystyna<\/strong> : pracownik kuchni<\/p>\n<p><strong>Przewo\u017aniak Roman<\/strong> : specjalista BHP<\/p>\n<p><strong>Rywka Krzysztof<\/strong> : konserwator<\/p>\n<p><strong>Stach-Szyszlak Lilianna<\/strong> : ksi\u0119gowa<\/p>\n<p><strong>Szok Joanna:<\/strong> pomoc nauczyciela<\/p>\n<p><strong>Szwemin Magdalena<\/strong> : specjalista do spraw kadr i p\u0142ac<\/p>\n<p><strong>Uram Gra\u017cyna:<\/strong> pracownik kuchni<\/p>\n<p><strong>Wi\u0105cek Magdalena<\/strong> : pracownik kuchni<\/p>\n<p><strong>Wienke Kinga<\/strong>&nbsp;&#8211; intendent<\/p>\n<p><strong>Witaszczyk Ma\u0142gorzata<\/strong> : pracownik obs\u0142ugi<\/p>\n<p><strong>Zawadzak Aleksandra<\/strong>&nbsp;: g\u0142\u00f3wny ksi\u0119gowy<\/p>\n<p><strong>Zawisza Alicja<\/strong> : pracownik obs\u0142ugi<\/p>\n<p>&nbsp;<\/p>\n","protected":false},"excerpt":{"rendered":"<p>Bekerska Olena: intendent B\u0142a\u017cejak Sylwester : konserwator D\u0105browska Iwona : ksi\u0119gowa Dychto\u0144 Dagmara: pracownik kuchni Fiedler Beata : pracownik obs\u0142ugi [&hellip;]<\/p>\n","protected":false},"author":1,"featured_media":0,"parent":0,"menu_order":0,"comment_status":"closed","ping_status":"closed","template":"","meta":{"_editorskit_title_hidden":false,"_editorskit_reading_time":0,"_editorskit_is_block_options_detached":false,"_editorskit_block_options_position":"{}","rop_custom_images_group":[],"rop_custom_messages_group":[],"rop_publish_now":"initial","rop_publish_now_accounts":[],"rop_publish_now_history":[],"rop_publish_now_status":"pending","_uag_custom_page_level_css":"","site-sidebar-layout":"default","site-content-layout":"","ast-site-content-layout":"default","site-content-style":"default","site-sidebar-style":"default","ast-global-header-display":"","ast-banner-title-visibility":"","ast-main-header-display":"","ast-hfb-above-header-display":"","ast-hfb-below-header-display":"","ast-hfb-mobile-header-display":"","site-post-title":"","ast-breadcrumbs-content":"","ast-featured-img":"","footer-sml-layout":"","ast-disable-related-posts":"","theme-transparent-header-meta":"","adv-header-id-meta":"","stick-header-meta":"","header-above-stick-meta":"","header-main-stick-meta":"","header-below-stick-meta":"","astra-migrate-meta-layouts":"default","ast-page-background-enabled":"default","ast-page-background-meta":{"desktop":{"background-color":"var(--ast-global-color-5)","background-image":"","background-repeat":"repeat","background-position":"center center","background-size":"auto","background-attachment":"scroll","background-type":"","background-media":"","overlay-type":"","overlay-color":"","overlay-opacity":"","overlay-gradient":""},"tablet":{"background-color":"","background-image":"","background-repeat":"repeat","background-position":"center center","background-size":"auto","background-attachment":"scroll","background-type":"","background-media":"","overlay-type":"","overlay-color":"","overlay-opacity":"","overlay-gradient":""},"mobile":{"background-color":"","background-image":"","background-repeat":"repeat","background-position":"center center","background-size":"auto","background-attachment":"scroll","background-type":"","background-media":"","overlay-type":"","overlay-color":"","overlay-opacity":"","overlay-gradient":""}},"ast-content-background-meta":{"desktop":{"background-color":"var(--ast-global-color-4)","background-image":"","background-repeat":"repeat","background-position":"center center","background-size":"auto","background-attachment":"scroll","background-type":"","background-media":"","overlay-type":"","overlay-color":"","overlay-opacity":"","overlay-gradient":""},"tablet":{"background-color":"var(--ast-global-color-4)","background-image":"","background-repeat":"repeat","background-position":"center center","background-size":"auto","background-attachment":"scroll","background-type":"","background-media":"","overlay-type":"","overlay-color":"","overlay-opacity":"","overlay-gradient":""},"mobile":{"background-color":"var(--ast-global-color-4)","background-image":"","background-repeat":"repeat","background-position":"center center","background-size":"auto","background-attachment":"scroll","background-type":"","background-media":"","overlay-type":"","overlay-color":"","overlay-opacity":"","overlay-gradient":""}},"ngg_post_thumbnail":0,"footnotes":""},"class_list":["post-4734","page","type-page","status-publish","hentry"],"uagb_featured_image_src":{"full":false,"thumbnail":false,"medium":false,"medium_large":false,"large":false,"1536x1536":false,"2048x2048":false},"uagb_author_info":{"display_name":"PMT","author_link":"https:\/\/sp5.pila.pl\/SP5\/author\/ludi\/"},"uagb_comment_info":0,"uagb_excerpt":"Bekerska Olena: intendent B\u0142a\u017cejak Sylwester : konserwator D\u0105browska Iwona : ksi\u0119gowa Dychto\u0144 Dagmara: pracownik kuchni Fiedler Beata : pracownik obs\u0142ugi [&hellip;]","_links":{"self":[{"href":"https:\/\/sp5.pila.pl\/SP5\/wp-json\/wp\/v2\/pages\/4734","targetHints":{"allow":["GET"]}}],"collection":[{"href":"https:\/\/sp5.pila.pl\/SP5\/wp-json\/wp\/v2\/pages"}],"about":[{"href":"https:\/\/sp5.pila.pl\/SP5\/wp-json\/wp\/v2\/types\/page"}],"author":[{"embeddable":true,"href":"https:\/\/sp5.pila.pl\/SP5\/wp-json\/wp\/v2\/users\/1"}],"replies":[{"embeddable":true,"href":"https:\/\/sp5.pila.pl\/SP5\/wp-json\/wp\/v2\/comments?post=4734"}],"version-history":[{"count":18,"href":"https:\/\/sp5.pila.pl\/SP5\/wp-json\/wp\/v2\/pages\/4734\/revisions"}],"predecessor-version":[{"id":45213,"href":"https:\/\/sp5.pila.pl\/SP5\/wp-json\/wp\/v2\/pages\/4734\/revisions\/45213"}],"wp:attachment":[{"href":"https:\/\/sp5.pila.pl\/SP5\/wp-json\/wp\/v2\/media?parent=4734"}],"curies":[{"name":"wp","href":"https:\/\/api.w.org\/{rel}","templated":true}]}}